Let d = -1 - -4. Suppose 0 = -w - d. Give f(w).
11
Let j(n) = n**2 - 5*n - 3. Suppose 3*d + 4 = -4*z, 12 - 4 = 4*d + 2*z. Suppose 18 = 2*y + d. Give j(y).
11
Let o(j) = -3*j**3 - j**2 + j. Let d(z) = -13*z**3 - 10*z**2 + 12*z - 2. Let c(n) = -d(n) + 4*o(n). Determine c(-7).
9
Let k(y) be the second derivative of y**6/120 + 7*y**5/60 - y**3/3 - 15*y**2/2 - 14*y. Let v(l) be the first derivative of k(l). What is v(-7)?
-2
Suppose -26*s = -34*s + 24. Let w(x) = x**3 - 4*x**2 + 0*x + x - 2*x. Give w(s).
-12
Let q(s) = s**2 - 5*s - 42. Let m be q(9). Let l(w) = -w + 1. What is l(m)?
7
Let t = -299 + 297. Let v(l) = -l**3 - l**2 + 4*l. What is v(t)?
-4
Let k(z) = -z. Let b(o) = -o**2 - 5*o - 2. Let i(g) = -b(g) + 4*k(g). Let v be i(0). Let t(y) = y - y - 2 + y - v*y. Give t(0).
-2
Let n(w) = w - 1. Let j(k) = -8*k - 37. Let o be j(-6). Let p be (-6)/(o/((-22)/(-4))). Calculate n(p).
-4
Let t be (-17)/(-5) + (63/(-35))/(-3). Suppose 10*y = t*y + 12. Let w(b) = 13*b + 1. Determine w(y).
27
Let w(k) = 4*k**2 - 20*k - 34. Let b(f) = 5*f**2 - 21*f - 39. Let t(v) = 5*b(v) - 6*w(v). What is t(-16)?
25
Let v(a) = a**2 + 6*a + 6. Suppose 20 = -20*p + 15*p. Calculate v(p).
-2
Let k(v) = -v**2 - 13*v - 12. Let g(b) = -b**3 + 13*b**2 - 26*b + 33. Let f be g(11). Determine k(f).
10
Let y(m) = -2. Let z(r) = 8*r + 11. Let x(s) = 6*y(s) + z(s). Calculate x(-1).
-9
Let c(v) = v + 0*v + v + 0*v + 2*v + 10. Determine c(-7).
-18
Let s(z) = -z**3 + 7*z**2 - 7. Let u(v) = 3*v**2 - v - 6. Let w be u(-3). Suppose -5*t + w = -11. Determine s(t).
-7
Let n(g) be the third derivative of -g**6/120 - g**5/20 + g**4/4 + g**3/3 - 65*g**2. Calculate n(-4).
-6
Suppose -5*v - 86 + 56 = 0. Let c(d) = -7 - 1 + 2 + 2*d. What is c(v)?
-18
Let w(u) = u**3 - 2*u**2 - 5*u + 4. Suppose -2*r - 13 = -1. Let g(k) = -k**3 - 5*k**2 + 5*k - 5. Let o be g(r). Suppose 4*b = -o + 13. Determine w(b).
-2
Let p(j) be the first derivative of -j**4/4 - 5*j**3/3 + 3*j**2 - 4*j - 6. Give p(-6).
-4
Let u = -15 - -10. Let c(l) = -4*l**3 - 29*l**2 + 8*l + 28. Let w(n) = -n**3 - 7*n**2 + 2*n + 7. Let x(q) = 2*c(q) - 9*w(q). What is x(u)?
3
Let t(j) = 6*j - 25. Let b(s) = 17*s - 69. Let d(y) = 4*b(y) - 11*t(y). Suppose 5*v + 4*g - 55 = 0, 3*v + 25 = 8*v - 2*g. Determine d(v).
13
Let x(n) be the third derivative of n**7/5040 + n**5/30 - 3*n**2. Let b(s) be the third derivative of x(s). Suppose p = j - 0*p, 2*j - 3*p = -2. Give b(j).
2
Let b(a) = 2*a**2 + 5*a + 4. Let y be (-6)/(-8) + 162*(-4)/(-32). Suppose 0 = -10*u - 9 - y. Calculate b(u).
7
Let n(l) = -l**3 - 9*l**2 + 9*l - 12. Let s(o) = -o**2 - 15*o - 9. Let h be s(-13). Suppose -10 = 18*i - h*i. Calculate n(i).
-2
Suppose 23 = -3*w - w - 5*b, 0 = -5*w - b - 13. Let y(x) = -2 + x + 1 + 0 - 3*x. Calculate y(w).
3
Let u(z) = z**3. Let x(h) = 4*h**3 - 5*h**2 + h + 4. Let f(m) = 3*u(m) - x(m). Let d(t) = -8 + 15*t - 23*t + 13*t - 7. Let l be d(4). Give f(l).
-9
Let q(l) = 4*l**3 - 12*l**2 + 11*l - 2. Let s = -22 - -26. Let a(z) = 5*z**3 - 13*z**2 + 12*z - 3. Let y(g) = s*q(g) - 3*a(g). Determine y(8).
1
Let t be 24/(-9)*(-6)/8. Let j(v) = 1 - 11*v + 8*v + t*v. What is j(3)?
-2
Suppose -21*u + 2 = -23*u. Let t be u/((-18)/27 - (-1)/(-3)). Let q(w) = 7*w. Calculate q(t).
7
Let a(s) = 3*s**2 - 8*s - 2. Let d(u) = 7*u**2 - 17*u - 5. Let i(v) = -9*a(v) + 4*d(v). Let x = -202 + 197. Give i(x).
3
Let u(c) = -c**3 - 3*c**2 + 6*c + 5. Let t be (-81)/21 + (-16)/112. Determine u(t).
-3
Suppose -2*y = -4 + 12. Let t(f) = f. Suppose 4 = -2*s + 2. Let z(r) = -5*r - 2. Let x(o) = s*z(o) - t(o). Give x(y).
-14
Let s(p) = -4*p - 1. Let b = -546 + 553. Determine s(b).
-29
Let o(k) = -k**2 - 6*k - 5. Let s = -22 - -32. Let g(i) = i**3 - 11*i**2 + 10*i + 3. Let y be g(s). Suppose 3*v + 9 + y = 0. Calculate o(v).
3
Let b(f) = f**2 - 2*f + 4. Let t(m) = m. Let y(i) = b(i) - 2*t(i). Determine y(7).
25
Let o(z) = z**3 + 4*z**2 - 7*z - 5. Let y be (-15)/(-24)*2*(9 - 13). Determine o(y).
5
Let i(o) = -2*o**2 + 5*o**2 + 10 - 10*o + 3*o - 4*o**2 + 3*o. Calculate i(-5).
5
Let z = 204 + -201. Let m(p) = -6*p + 4. Give m(z).
-14
Let a be 2 - 1 - -2*4. Suppose -8 = -a*b + 5*b. Let v(h) = -b*h + 2 + 3 + 0 - 2. Give v(5).
-7
Let z(y) be the third derivative of -3*y**5/10 - y**4/12 - 2*y**3/3 - 66*y**2 + 2. Give z(-2).
-72
Let u be (((-6)/(-9))/2)/((-22)/(-396)). Let j(z) = -z**3 + 8*z**2 - 7*z + 1. Determine j(u).
31
Let h(o) = -9*o + 12. Let y(z) = 8*z - 11. Suppose 9*q - 5*q + 23 = -p, 4*p = 3*q + 22. Let i(l) = q*h(l) - 7*y(l). Determine i(4).
-3
Let w(s) = -1. Suppose 3*p - 25 + 22 = 0. Let o(t) = -t - 2. Let i(l) = p*o(l) + 6*w(l). What is i(-6)?
-2
Let y = -10 - -6. Let a(i) = i - 1. Let v(s) = s**3 - 3*s**2 - 12*s + 8. Let r(x) = y*a(x) - v(x). Calculate r(5).
-14
Suppose 0 = -v - s + 9, 2*v + 9*s - 33 = 4*s. Let d(c) = -4 - v - c - 2*c**2 + 3*c**2 + 4. Let m be (-1 - 0)*2 + -1. Give d(m).
8
Let j(z) = z - 2. Let r = -1044 - -1034. What is j(r)?
-12
Suppose y + 2*y = 12. Suppose 12*s = 165 + 243. Let n(d) = 19*d - s*d + 17*d - 5. What is n(y)?
3
Suppose -4*g + 9 = -3. Let l(r) be the third derivative of r**5/60 + r**3/3 + r**2 + 2*r. Calculate l(g).
11
Suppose 70 = 4*p + b, -5*b = -3*p + 20 + 21. Let u = p - 15. Let m(d) = 0*d - 2*d + 3 - d**2 - 6*d + u*d. Determine m(-6).
3
Let y be ((-48)/28 - -2)*14. Suppose 5*d = y*j + 16, 5 = 3*j + 2. Suppose -2*v = -d*v. Let h(s) = -s + 2. Give h(v).
2
Let x(g) = 4*g**2 + 2*g**3 + 2*g**2 - 5*g**2. Suppose 2*r + 10 = 18. Let j = r + -5. Give x(j).
-1
Let p be ((-408)/(-30) + -10)/(4/10). Let r(b) = 0 + 2*b + p - 14. Give r(6).
7
Let m be (5/(-2))/(1/(-2)). Let p(t) = 807*t + 0 - 810*t + t**2 + 0. Calculate p(m).
10
Let p(g) = 22*g - 4. Let c(a) = 7*a - 1. Let z(b) = 3*c(b) - p(b). What is z(8)?
-7
Suppose -30 = 56*w - 198. Let a(t) be the second derivative of -t**3/3 + t**2 + 2*t. Determine a(w).
-4
Let y(k) = 4*k**2 + 8*k**2 + 2*k + 5*k**2 - 18*k**2. Determine y(6).
-24
Let l(b) be the third derivative of -b**4/8 - 2*b**3/3 - 3*b**2. Let d be l(-3). Let a(q) = -7*q + 2*q + d - 2*q + q**2. Calculate a(4).
-7
Suppose -t + 0*t + 2*z = 12, -4*z = -5*t - 30. Let h(a) = a**2. Give h(t).
4
Let i = 394 + -397. Let y(b) = b**2 + 4*b - 6. Determine y(i).
-9
Suppose 0 = 4*f + 2 - 10. Let o(p) = p**2 - 1 - 12*p + 0 + 6*p - f*p. Calculate o(6).
-13
Let a = -176 - -184. Let r(n) = -n**2 + 8*n + 3. Determine r(a).
3
Let b be -2*(0 - (-2 - -4)). Suppose 5*k + 8*o - b*o + 30 = 0, -k = -3*o + 6. Let p(r) = r**2 + 7*r. Give p(k).
-6
Let u be (-108)/(-10) + (-2)/(-10). Suppose 0 = -u*s + 6*s. Let d(y) = 3*y**3 - y**2 + s*y - 2*y**3 - y. Determine d(0).
0
Let g(r) = 3*r**2 + 3*r + 13. Let b(f) = -3*f**2 - 3*f - 16. Let n(i) = 5*b(i) + 6*g(i). What is n(1)?
4
Let v = 18 - -75. Let l(n) = -n**3 - v*n**2 - 3 + 90*n**2 + 1 + 0. Calculate l(-4).
14
Let k(n) = -5*n**3 + 4*n**3 - 149*n**2 + 43*n**2 + 45*n**2 - 6*n - 10 + 52*n**2. Calculate k(-8).
-26
Let r(m) = m**2 - 2*m - 24. Let i be r(-7). Let f(u) = 0*u - u + 44 - i. Calculate f(6).
-1
Let h(a) be the first derivative of -a**2 + 11*a + 106. What is h(-9)?
29
Let z(g) = -g**2 - 10*g - 7. Let t be z(-9). Let a(f) = -2*f**2 + 36*f + t*f**2 - f**3 + 2 - 35*f. Determine a(-2).
8
Let i(x) = 5*x - 81. Let f be i(17). Let v(u) be the third derivative of 0*u - 1/10*u**5 - 1/3*u**f + 1/120*u**6 + 4/3*u**3 + 0 - 4*u**2. Determine v(7).
1
Let r be (-66)/561 + (-264)/68. Let u(x) = x**2 - 4*x + 3. Calculate u(r).
35
Let a(l) be the second derivative of -17*l + 7/6*l**3 + 0 - l**2. Calculate a(2).
12
Let o(n) = n**3 + 8*n**2 - 11*n - 21. Let p(k) = -k**3 - 5*k**2 + 23*k + 106. Let r be p(-5). Determine o(r).
-3
Let t(x) = -3*x**2 - 32*x - 39. Let f be t(-9). Let l(q) = -q**3 + 6*q**2 - 6*q + 7. Determine l(f).
-29
Let n(i) = -2*i - 8. Let k be (-3)/(-4) + 52/16. Let q be (-20)/25*30/k. What is n(q)?
4
Let u be (3 + 5/(-15))*12/16. Let i(z) = -z**3 + z**2 + 2*z - 2. Calculate i(u).
-2
Let p = 8 + -2. Let t(q) = q + 3. Let d be t(-3). Let s(r) = 6*r**2 + 6 - 3*r + 2 + d*r**3 + r**3 - 2*r**3. What is s(p)?
-10
Let l(j) be the second derivative of j**4/12 + 7*j**3/6 + 6*j**2 + 53*j + 1. What is l(-5)?
2
Let a = -216 - -218. Let b(u) = -2*u. Give b(a).
-4
Let f(o) = 3*o - 1. Let x(z) = -10*z + 5. Let c(g) = -21*f(g) - 6*x(g). What is 